 x = 2983 + -1497. Let o = 757 + x. Is o a composite number?
False
Suppose 209 = 196*z - 185*z. Suppose p - 6 - 117 = 0. Suppose -p - z = -f. Is f prime?
False
Is ((-50)/30)/(10/(-214626)) prime?
True
Is (-3)/(-9)*-1 - 252098/(-33) a composite number?
False
Suppose 3*r - 4*b = -64, 2*r - 3*b + 40 = b. Let u = r - -29. Suppose -2*i - 2519 = -6*i + u*j, 633 = i + 2*j. Is i a prime number?
True
Let a(m) = -m**2 + 2*m + 47. Suppose 2*h - 1 = -1. Is a(h) a composite number?
False
Let r(i) = 9*i - 4. Let m(y) = -12*y + 1. Let q be m(3). Let a be (-10)/q - 61/(-7). Is r(a) a prime number?
False
Suppose -1088*t = -1078*t - 830980. Is t a prime number?
False
Is 34657*(-5 + 5 + 1) prime?
False
Let j(w) = 167*w**3 - w**2 + 5*w. Let o be j(-3). Let c = o - -2450. Let g = -1452 - c. Is g a composite number?
False
Let b be ((-32)/40)/((-2)/100). Suppose b = -4*y - 32. Is ((-6)/y)/((-1)/(-237)) a prime number?
True
Let g = -247 + 40. Let w = 934 - g. Is w prime?
False
Let z = 10 + -8. Is 7767/(-6)*(16/(-12))/z a composite number?
False
Let w(d) be the second derivative of 3*d**5/20 - 11*d**4/12 - 2*d**3/3 - 13*d**2/2 + 29*d. Is w(10) prime?
True
Is ((-293)/4)/(14/(-56)) composite?
False
Let x be 1/(1*1/2). Let v be (2 - 33/(-6))*x. Let f(d) = -d**3 + 16*d**2 - 7*d + 7. Is f(v) a composite number?
False
Let q(h) = 26*h**2 - 2*h - 1. Let o(s) be the second derivative of -13*s**4/6 + s**3/6 + s**2/2 - 2*s. Let z(a) = -3*o(a) - 2*q(a). Is z(1) composite?
True
Let q(s) = s**3 - 16*s**2 - 16*s - 15. Let k be q(17). Suppose -2*h + 1590 = k*f, 5*h + 1562 = 3*f - f. Is f a composite number?
True
Let n be 10/((-3)/18*4). Let x(z) = -128*z - 79. Is x(n) composite?
True
Let f be 385/10 - 1/(-2). Suppose -41*u = -f*u - 1042. Is u a composite number?
False
Suppose -63 = -o - 2*o. Suppose -o + 111 = 6*f. Is (-1)/(-5) + 882/f prime?
True
Suppose -2*c - 2*c = 12, -3*c - 9 = -4*w. Is (-11)/(5/65*(w + -1)) prime?
False
Let s = -88643 + 150120. Is s composite?
True
Suppose 17*w - 13*w = y + 7052, -2*w - y = -3526. Is w prime?
False
Suppose -5*t + 8*t = 2*b + 2461, 2*t - 1646 = -4*b. Is t composite?
False
Let b(c) = -2037*c**3 - 12*c**2 - 2*c + 3. Is b(-2) a prime number?
False
Let d(n) = -8*n**2 + n - 8. Let b(a) = -7*a**2 - 7. Let j(x) = -4*b(x) + 3*d(x). Is j(-5) a composite number?
False
Let h(l) = 228*l - 65. Is h(7) a composite number?
False
Let b(n) = 6*n**2 - 8*n + 48. Let j(x) = x**2 + 1. Let p(t) = b(t) - 3*j(t). Is p(12) prime?
False
Let y(c) = -21255*c + 4. Suppose -d - 17 = -4*r, 5*r - 17 = -2*d - d. Is y(d) a prime number?
False
Let i be 60/9*435/10. Let p = i - -3. Is p a composite number?
False
Let n(a) = -18994*a - 89. Is n(-10) a prime number?
True
Suppose -a - 3*r = -14342, -2*r + 71764 = 5*a - 5*r. Is a a prime number?
False
Suppose j = -0*j - 2*u + 9597, -38414 = -4*j + 5*u. Is j prime?
True
Suppose 0 = -6*q + 7*q - 3. Suppose q*l = 1006 + 413. Is l prime?
False
Suppose 14 = 6*q - 4. Suppose -q*a + 1788 = 417. Is a composite?
False
Suppose 47 + 37 = 4*a. Let q = a - 17. Suppose -4*g + 2*w + 1507 = -w, 0 = -5*g - q*w + 1907. Is g composite?
False
Suppose -11*a + a + 42010 = 0. Let n = a - 2270. Is n prime?
True
Let y be (-48)/40*(-20)/6. Suppose -2*g = 0, -y*l = -5*l - 4*g + 1. Let n(o) = 37*o. Is n(l) a composite number?
False
Suppose v = 4*v + 5*o + 275, 2*v = 3*o - 158. Let f = -16 - v. Is f prime?
False
Is 0 + (5064 + 4)/4 a prime number?
False
Suppose 4*p + 132 = 16*p. Let h(n) = 6*n**3 - 5*n**2 - 24*n - 26. Is h(p) a prime number?
False
Suppose 3*m - 25980 = -3*g, -5*m - 13199 = -2*g + 4100. Is g composite?
True
Let f be -3873 + -1 + (-6 - -12)/6. Let j = f - -5566. Is j prime?
True
Let i(q) = -q**3 - 5*q**2 - 2*q - 6. Let d be i(-4). Let t be (-77)/d - 1/2. Suppose -5*p - x + 3*x = -1309, -2*p + t*x + 511 = 0. Is p prime?
True
Suppose 0 = -3*p + 5*t - t + 2947, -3900 = -4*p - 2*t. Is p prime?
True
Let u(j) = -561*j + 215. Is u(-4) composite?
False
Suppose 6*g = 21*g + 2580. Let h = g - -383. Is h prime?
True
Let u = 67 + -43. Let z be 1/2 + (-12)/u. Suppose -5*v + 215 = -4*j - 454, z = 5*j + 5. Is v a prime number?
False
Let m = 266 - -406. Let a = m + -421. Is a prime?
True
Let o(i) = 2239*i - 37. Is o(20) prime?
False
Suppose 2*n = 3*n - 8. Let a be (-2)/n + (-2313)/12. Let h = 338 + a. Is h composite?
True
Let i(v) = -v**2 - 5*v - 9. Let x be i(-3). Is 1436 + x + 1 + 5 composite?
False
Let t(j) = 15*j**3 - 3*j**2 - 8*j + 19. Let a be t(3). Suppose -2*o + x - a = -3*o, 0 = 2*x + 8. Is o a composite number?
True
Let b = -9028 - -18985. Is b a composite number?
True
Let k(p) = 9*p**2 - 7*p + 11. Let z(f) = f**2 + 2. Let i be z(2). Let j be (10/i)/(35/126). Is k(j) composite?
False
Let v be (-714)/(-6) + 4 + 0. Suppose 594 = 3*n + v. Is n prime?
True
Suppose -4*p = -4*x + 40304, 3*p + 20027 = 4*x - 20278. Is x composite?
True
Is -3 - (-1 - -6) - -3643 a prime number?
False
Let t(u) = u**3 - 17*u**2 - 16*u - 32. Let b be t(18). Suppose b*i - 426 = 386. Is i composite?
True
Suppose -10 - 26 = 4*r. Let z(j) = 5*j**2 - 38*j + 14. Let p(s) = 3*s**2 - 19*s + 7. Let k(y) = -7*p(y) + 4*z(y). Is k(r) prime?
True
Suppose 0 = -i + 3*f - 4, 3*f = -i - 4*i + 16. Suppose 11694 = -i*o + 8*o. Is o a composite number?
False
Suppose -255271 - 390594 = -11*l. Is l composite?
True
Let v be (6/4)/((-7)/(-14178 - 4)). Let f be ((-4)/(-5))/((-2)/(-15)). Is v/9 - 4/f prime?
True
Suppose -8*l + 17176 = -2672. Is l composite?
True
Suppose 5*z - q = -709, 0 = -4*z - 5*q + 9*q - 580. Let n = z - -890. Is n prime?
False
Let s(o) = o - 1. Let j(t) = -13*t - 21. Let b(c) = j(c) - 3*s(c). Is b(-4) a prime number?
False
Let v = -40 + 46. Let y = -1 - -6. Suppose -y*x - n + 1915 = 0, 4*x = n - v*n + 1553. Is x a composite number?
True
Suppose -6*a - 9 - 15 = 0. Is 5/(90/a) - (-27335)/9 composite?
False
Suppose 0 = -h - 3*h + 100. Suppose -5*o + c - 196 = 0, -2*c = o - 0*c + 48. Let u = h - o. Is u composite?
True
Let v = -10 - -9. Let i be (-137712)/(-56)*7*v. Is (-2)/(-9) + i/(-54) a composite number?
True
Let j be 10/3*(-24)/(-10). Suppose 0 = -2*b + j - 0. Suppose 3*q = -q - 2*v + 2346, b*q - 2*v = 2350. Is q a prime number?
True
Suppose 2*r + 1 = 2*j - 3, -3*j + 6 = -5*r. Suppose r = 2*w - 3*y - 886, 2*w - 102 = 5*y + 776. Is w prime?
True
Let h = -13162 - -19143. Is h prime?
True
Let v(i) = i**3 - 8*i**2 + 23*i + 13. Is v(11) a composite number?
True
Is (392/63)/14 - (-874126)/18 a prime number?
True
Let z = 1477 + -500. Is z prime?
True
Suppose -2*s = 4, -3*h + 8 = 3*s + 2*s. Suppose -h*c + 642 = 102. Suppose 0 = -5*k - 3*w + 1052, -305 = -k + 4*w - c. Is k a composite number?
False
Let c be 22 - 3 - 4/(-1). Suppose c = -0*f - f + 5*s, -f - 2*s + 12 = 0. Suppose f*a + 0*a = 518. Is a a composite number?
True
Is (-662172)/(-66) + ((-90)/(-22) - 4) composite?
True
Let h = 6 - 3. Let b(k) = -4*k - 21. Let m be b(-6). Suppose m*d = h*z + 378, 2*d + z - 298 = -43. Is d composite?
False
Suppose -5*p + 131505 = 5*s, 5*s + 105222 = -35*p + 39*p. Is p a composite number?
True
Let b(s) = 11*s**3 + 14*s**2 + 18*s - 89. Is b(16) composite?
True
Let q = -2284 - -4185. Is q a prime number?
True
Suppose 4*m = -2*h + 1868, 22*m - 20*m - 934 = h. Is m prime?
True
Let w(h) = 21*h**2 + 46*h + 32. Is w(29) prime?
False
Suppose 0 = 5*f + 3 - 13. Suppose -f*i = -5*i + 1587. Is i a composite number?
True
Is ((-56)/42)/(3*(-4)/78282) a composite number?
True
Let g be -1*5/(-5)*2. Suppose -4*x = -7*x + 4*w + 6463, -8610 = -4*x - g*w. Is x a prime number?
True
Suppose -15*g = -43212 + 477. Is g/11 - (0/1)/2 prime?
False
Let j(m) = m**3 + 29*m**2 + 11*m - 57. Let q be j(-25). Suppose -1956 - q = -2*o. Is o prime?
False
Let f be -1 + -2 - 7*-1. Suppose -4*z = f*i - 5288, -2*z - 4*i = -1597 - 1041. Let c = z - 538. Is c composite?
False
Let m(v) = 6466*v**3 + v**2 + 1. Is m(2) composite?
True
Let a = 1655 - 1566. Is a prime?
True
Let a(d) = 102*d - 61. Is a(5) composite?
False
Suppose 21 = 9*w - 6. Suppose -w*m - 2 = 7, 0 = 3*n - 2*m - 2127. Is n a prime number?
False
Let c(a) = -19. Let d(u) = -u. Let t(s) = -c(s) - 2*d(s). Let f be t(-6). Suppose -f*k = -9*k + 46. Is k a prime number?
True
Let s be (-26079)/(-7) + 60/(-105). Suppose 4*x + 3*j - s = 0, 6 + 0 = 2*j. Is x a prime number?
True
Let m = -303